late the remainder when 28 is divided by 6 + (8/8)/(y/(-2)).
4
Let k(u) = u**2 + 8*u + 1. Let i be k(-8). Let o(l) = 61*l**2 - 2*l + 1. Calculate the remainder when o(i) is divided by (9 - 1634/152) + (-35)/(-4).
4
Suppose -448*h - 224224 = -840*h. Calculate the remainder when h is divided by 559.
13
Let h = -86 + 53. Let b = 14 + -34. Let x = b - h. Calculate the remainder when 36 is divided by x.
10
Suppose 0 = 17*a - 14*a - 564. Suppose -295 = -3*i + 5*j, 0 = 2*i + 24*j - 23*j - a. Calculate the remainder when i is divided by 17.
10
Let l = -3 - -333. Suppose 19*n = 8*n + l. Calculate the remainder when n is divided by 28.
2
Suppose 0 = 2*f + 5*g - 42, -4*g - g = 5*f - 90. What is the remainder when 298 is divided by f?
10
Suppose 3*x - 3*u - 27 = 0, 0 = -5*x + 4*x + 3*u + 15. Suppose -17 = -x*d + 1. What is the remainder when 115/2 + d + 10/(-4) is divided by 10?
8
Let z = -948 - -977. What is the remainder when 947 is divided by z?
19
Let y(i) = -92*i - 7172. Let f(s) = -3*s**3 - 5*s**2 - s + 4. Calculate the remainder when f(-3) is divided by y(-78).
3
Suppose -8*r + 5*w = -6*r - 79, -3*r + 4*w = -101. What is the remainder when (123 - -5) + -3 + 3 is divided by r?
20
Let g(n) = -3*n**2 + 8*n + 5. Let l be g(-8). Let y = 4 - l. Suppose 3*o = 5*a - 85 - 142, -3*a - 2*o + 121 = 0. What is the remainder when y is divided by a?
40
Suppose 0 = -2*x - 4*n + 1086, 3*n - 305 = -4*x + 1887. What is the remainder when x is divided by 113?
99
Suppose -2*u - 3552 + 15220 = 4*a, -2*u + 11666 = 5*a. What is the remainder when u is divided by 23?
19
Suppose -12*p = 8 - 44. Suppose -p*a + 62 = 5*s, -15 = -s - a + 3*a. What is the remainder when 46 is divided by s?
7
Let f = -346 - -376. Calculate the remainder when 182 is divided by 451/5 + ((-66)/f)/11.
2
Suppose 13*w + 91 = 247. What is the remainder when 172 is divided by -2*((-3)/w - 399/28)?
27
Suppose 25*v + 832 = 21*v. Let u = v + 253. Suppose 3*w - 64 = 2*b, -4*b = -4*w - b + 84. What is the remainder when u is divided by w?
21
Calculate the remainder when 9178 is divided by (-1*(-3)/2)/((-332)/(-39840)).
178
Let j be (-228)/5 - (-81)/135. Calculate the remainder when 367 is divided by -2 - -2 - (j + (10 - 2)).
34
Let h be 2*(-5)/20*-6. Let q be 1/((h - 4)/89). Let m = -60 - q. Calculate the remainder when 115 is divided by m.
28
Let a(o) = -30*o**2 + 2*o - 1. Let j be a(1). Suppose 594*z - 5448 = 140*z. Calculate the remainder when z is divided by (-4)/6 + j/(-3).
3
Let a(p) = -349*p + 6172. What is the remainder when a(17) is divided by 132?
107
Let b = 195 - 183. What is the remainder when ((-66)/4)/(b/(-24)) is divided by 21?
12
What is the remainder when 426 is divided by 126/4*-13*(-240)/1092?
66
Suppose -5*u + 4*t = -17730, 28*t = 3*u + 31*t - 10611. What is the remainder when u is divided by 10?
2
Let i(r) = -r**3 + 18*r**2 + 24*r - 74. Let u be i(16). Calculate the remainder when ((-20)/15)/((-8)/u) is divided by 28.
25
Let b = -1 + 5. Let n(x) = 3*x**2 + 3*x - 5. Let o be n(b). Calculate the remainder when 47 is divided by 540/o + (-4)/(-22).
7
Suppose -b - 3*x + 95 = 0, 382 - 97 = 3*b - 5*x. Let c = -311 + 222. Let r = b + c. Calculate the remainder when 40 is divided by r.
4
Let n = -727 - -430. Let z = -263 - n. Calculate the remainder when z is divided by 6.
4
Let f(x) = -44*x + 1940. What is the remainder when 1901 is divided by f(41)?
133
Suppose -1147*b + 2283*b + 650 = 1149*b. Calculate the remainder when 50 is divided by b.
0
Suppose 5*z - 80 = -5*h, -38 = -h - 6*z - 22. Calculate the remainder when 218 is divided by h.
10
Let z be 32/40 + (-1141)/(-5). Suppose a = c + 5*a - 42, a = -5*c + z. Calculate the remainder when 365 is divided by c.
43
Let r(y) = 2*y**2 - 3753 + 3867 - y**2 - 37*y. Calculate the remainder when 63 is divided by r(34).
3
What is the remainder when 1473 is divided by ((-982)/4)/((-1202)/2404)?
0
Suppose 16259 = 166*z - 2009 + 1834. What is the remainder when 5246 is divided by z?
98
Suppose -2*p = -5*z - 7 - 63, 30 = -5*z. What is the remainder when 25 is divided by p?
5
Suppose j - 5*v = -55, 0*j = -j + 3*v - 47. Let a = -18 - j. Let c = 84 - 38. What is the remainder when c is divided by a?
12
Let z(p) = -p**3 + 16*p**2 - 29*p + 25. Let n = 17 - -2. What is the remainder when n is divided by z(14)?
8
Let y(u) = 658*u - 622. What is the remainder when 445 is divided by y(1)?
13
Let l be -1 - (3 - (-4 + 8)). Suppose l = 2*r - 36 - 32. Suppose 0 = 5*y + 3*f - 105, 4*y + 39 = 7*y - 3*f. What is the remainder when r is divided by y?
16
Let x(m) = m**2 + 10*m + 14. Let z be x(-8). Let w(r) = 2*r**2 - 7*r - 12. Let b(l) = 5*l + 1. Calculate the remainder when b(6) is divided by w(z).
1
Let d(p) = p**3 - 5*p**2 - 2. Let l be d(4). Let t = 706 - 669. Let u = l + t. Calculate the remainder when 75 is divided by u.
18
Let c(z) = -z + 31. Let d(h) = 17*h**2 + 20*h - 20. What is the remainder when d(2) is divided by c(0)?
26
Suppose -28 = -2*u + z - 6, -5*z + 7 = 3*u. What is the remainder when 14 is divided by -6 + u + (-4 - -1 - -13)?
1
Let u = 18 - -12. Let k = -29 + u. Suppose -2*w = -4*w + 6. Calculate the remainder when w is divided by k.
0
Suppose -124 = f + 5*w, 3*f - 339 = 6*f + 4*w. Let u = 370 + f. Calculate the remainder when u is divided by 53.
49
Let p(i) = i**2 + 21*i - 19. Let x be p(-22). Suppose -179 = -5*u - 3*q, 4*u + x*q + 22 - 167 = 0. Calculate the remainder when 133 is divided by u.
31
Let j be 6 + 2340/(-5 + -1). Calculate the remainder when 207 is divided by j/(-28) + (-4)/70*-5.
11
What is the remainder when 1865 is divided by ((-9)/(-12))/(8/(-16)) + (-107)/(-2)?
45
Let i = -252 + 206. Let m = i + 149. Calculate the remainder when m is divided by 5.
3
Let t(m) = 369*m - 2846. What is the remainder when t(12) is divided by 82?
24
Suppose 24*j - 27*j + 6 = 0. Let l(v) = -3*v + 6 - 2*v**3 - 3*v**2 - j*v**2 + 4*v**3. What is the remainder when l(4) is divided by 9?
6
Let k(s) be the first derivative of -s**3/3 - 9*s**2/2 + 8*s - 1112. Let p = -7 + -1. Calculate the remainder when k(p) is divided by 9.
7
Let c(v) = -v**3 + 2*v**2 + 149*v + 30. Calculate the remainder when c(13) is divided by 86.
22
Calculate the remainder when 117 is divided by 16*((-2)/7 + (-8851)/(-2338)).
5
What is the remainder when ((-17)/((-17)/(-42)))/(-7 + (-124)/(-18)) is divided by 105?
63
What is the remainder when 1 + (-15)/((-160)/(-165) - 1) is divided by 100?
96
Let o(x) = 17*x**3 + 2*x**2 - 5*x + 8. What is the remainder when o(2) is divided by 59?
24
Let d(n) = n**2 - 10*n + 13. Let f be d(18). Let b = f - 121. What is the remainder when b is divided by 13?
10
Let c = -261 - -165. Let w = -38 - c. Let o(m) = 6*m. Calculate the remainder when w is divided by o(4).
10
Suppose z = 5*m - 139, 0*z - 43 = -m + 4*z. Suppose 15*t - 80 = 715. Calculate the remainder when t is divided by m.
26
Suppose x + x - 63 = 5*p, -3*p - 38 = -5. Suppose 2*w - 5*m - 68 = -w, 4*w - 3*m = 109. What is the remainder when w is divided by x?
3
Let a(o) = -21*o + 52. Let b = 337 + -334. Calculate the remainder when a(2) is divided by b.
1
Calculate the remainder when 2213 is divided by 0 + 3/(-15) - 5040/(-450).
2
Suppose -111870 = -163*g - 63*g. What is the remainder when g is divided by 21?
12
Let z = -39 + 85. Let k(t) = t**3 - 3*t**2 + t + 11. Let v(o) = 4*o + 35. Let f be v(-8). What is the remainder when z is divided by k(f)?
4
Let j be 7 - (-1 + 8 + -7). Let a(c) = 44*c - 14. Calculate the remainder when a(j) is divided by 60.
54
Let b be 0/(2 - (-1 + 1)). Suppose b = -4*m, 0 = -5*c + 2*m - 112 + 472. Let p(a) = 3*a**2 + 82*a - 161. What is the remainder when c is divided by p(2)?
12
Suppose 0 = 186*g - 192*g + 36. What is the remainder when 53 is divided by g?
5
Suppose -k + 3*p = -413, -8*k = -13*k - 3*p + 2101. Let s = 40 + 2. Calculate the remainder when k is divided by s.
41
Let i(c) = -95*c**2 + 290*c + 3. Calculate the remainder when 241 is divided by i(3).
7
Suppose 0*b = -2*b - 4. Suppose 0*v + v - d = 105, 5*d - 189 = -2*v. What is the remainder when v is divided by 374/11 - 2/b?
32
Suppose 4*q = -5*x + 761, -x + 7*q + 133 = 3*q. Suppose -483 - x = -4*m. What is the remainder when m is divided by 54?
50
Suppose -m + 138 = 3*t - 184, 5*t = 4*m + 548. Suppose 12 = 3*